{"id":2406,"date":"2025-09-19T10:42:57","date_gmt":"2025-09-19T08:42:57","guid":{"rendered":"https:\/\/illumina.at\/shop\/?post_type=product&#038;p=2406"},"modified":"2025-12-01T00:00:22","modified_gmt":"2025-11-30T23:00:22","slug":"lichtstern-aurora","status":"publish","type":"product","link":"https:\/\/illumina.at\/shop\/produkt\/lichtstern-aurora\/","title":{"rendered":"Lichtstern Aurora"},"content":{"rendered":"<p>warmwei\u00df oder kaltwei\u00df<br \/>\nInnen- und Au\u00dfenbereich<br \/>\nLichtlauch auf Aluminium Konstruktion<br \/>\nH\u00f6he: 0,70, l\u00e4nge: 0,70 m<br \/>\nLeistung: 12W\/230V,<\/p>\n<p>Set Artikel mit Zubeh\u00f6r<\/p>\n","protected":false},"excerpt":{"rendered":"<p>warmwei\u00df oder kaltwei\u00df Innen- und Au\u00dfenbereich Lichtlauch auf Aluminium Konstruktion H\u00f6he: 0,70, l\u00e4nge: 0,70 m Leistung: 12W\/230V, Set Artikel mit&#8230;<\/p>\n","protected":false},"featured_media":2396,"comment_status":"open","ping_status":"closed","template":"","meta":{"_acf_changed":false},"product_brand":[],"product_cat":[251],"product_tag":[],"class_list":{"0":"post-2406","1":"product","2":"type-product","3":"status-publish","4":"has-post-thumbnail","6":"product_cat-weihnachtsbeleuchtung","8":"first","9":"instock","10":"taxable","11":"shipping-taxable","12":"purchasable","13":"product-type-simple"},"acf":[],"yoast_head":"<!-- This site is optimized with the Yoast SEO plugin v24.7 - https:\/\/yoast.com\/wordpress\/plugins\/seo\/ -->\n<title>Lichtstern Aurora - Illumina - Alle Produkte<\/title>\n<meta name=\"robots\" content=\"index, follow, max-snippet:-1, max-image-preview:large, max-video-preview:-1\" \/>\n<link rel=\"canonical\" href=\"https:\/\/illumina.at\/shop\/produkt\/lichtstern-aurora\/\" \/>\n<meta property=\"og:locale\" content=\"de_DE\" \/>\n<meta property=\"og:type\" content=\"article\" \/>\n<meta property=\"og:title\" content=\"Lichtstern Aurora - Illumina - Alle Produkte\" \/>\n<meta property=\"og:description\" content=\"warmwei\u00df oder kaltwei\u00df Innen- und Au\u00dfenbereich Lichtlauch auf Aluminium Konstruktion H\u00f6he: 0,70, l\u00e4nge: 0,70 m Leistung: 12W\/230V, Set Artikel mit...\" \/>\n<meta property=\"og:url\" content=\"https:\/\/illumina.at\/shop\/produkt\/lichtstern-aurora\/\" \/>\n<meta property=\"og:site_name\" content=\"Illumina - Alle Produkte\" \/>\n<meta property=\"article:modified_time\" content=\"2025-11-30T23:00:22+00:00\" \/>\n<meta property=\"og:image\" content=\"http:\/\/illumina.at\/shop\/wp-content\/uploads\/lichtstern-foto-version-2-e1758271017187.jpg\" \/>\n\t<meta property=\"og:image:width\" content=\"848\" \/>\n\t<meta property=\"og:image:height\" content=\"780\" \/>\n\t<meta property=\"og:image:type\" content=\"image\/jpeg\" \/>\n<meta name=\"twitter:card\" content=\"summary_large_image\" \/>\n<meta name=\"twitter:label1\" content=\"Gesch\u00e4tzte Lesezeit\" \/>\n\t<meta name=\"twitter:data1\" content=\"1\u00a0Minute\" \/>\n<script type=\"application\/ld+json\" class=\"yoast-schema-graph\">{\"@context\":\"https:\/\/schema.org\",\"@graph\":[{\"@type\":\"WebPage\",\"@id\":\"https:\/\/illumina.at\/shop\/produkt\/lichtstern-aurora\/\",\"url\":\"https:\/\/illumina.at\/shop\/produkt\/lichtstern-aurora\/\",\"name\":\"Lichtstern Aurora - Illumina - Alle Produkte\",\"isPartOf\":{\"@id\":\"https:\/\/illumina.at\/shop\/#website\"},\"primaryImageOfPage\":{\"@id\":\"https:\/\/illumina.at\/shop\/produkt\/lichtstern-aurora\/#primaryimage\"},\"image\":{\"@id\":\"https:\/\/illumina.at\/shop\/produkt\/lichtstern-aurora\/#primaryimage\"},\"thumbnailUrl\":\"https:\/\/illumina.at\/shop\/wp-content\/uploads\/lichtstern-foto-version-2-e1758271017187.jpg\",\"datePublished\":\"2025-09-19T08:42:57+00:00\",\"dateModified\":\"2025-11-30T23:00:22+00:00\",\"breadcrumb\":{\"@id\":\"https:\/\/illumina.at\/shop\/produkt\/lichtstern-aurora\/#breadcrumb\"},\"inLanguage\":\"de\",\"potentialAction\":[{\"@type\":\"ReadAction\",\"target\":[\"https:\/\/illumina.at\/shop\/produkt\/lichtstern-aurora\/\"]}]},{\"@type\":\"ImageObject\",\"inLanguage\":\"de\",\"@id\":\"https:\/\/illumina.at\/shop\/produkt\/lichtstern-aurora\/#primaryimage\",\"url\":\"https:\/\/illumina.at\/shop\/wp-content\/uploads\/lichtstern-foto-version-2-e1758271017187.jpg\",\"contentUrl\":\"https:\/\/illumina.at\/shop\/wp-content\/uploads\/lichtstern-foto-version-2-e1758271017187.jpg\",\"width\":848,\"height\":780},{\"@type\":\"BreadcrumbList\",\"@id\":\"https:\/\/illumina.at\/shop\/produkt\/lichtstern-aurora\/#breadcrumb\",\"itemListElement\":[{\"@type\":\"ListItem\",\"position\":1,\"name\":\"Home\",\"item\":\"https:\/\/illumina.at\/shop\/\"},{\"@type\":\"ListItem\",\"position\":2,\"name\":\"Produkte\",\"item\":\"https:\/\/illumina.at\/shop\/\"},{\"@type\":\"ListItem\",\"position\":3,\"name\":\"Lichtstern Aurora\"}]},{\"@type\":\"WebSite\",\"@id\":\"https:\/\/illumina.at\/shop\/#website\",\"url\":\"https:\/\/illumina.at\/shop\/\",\"name\":\"Illumina - Alle Produkte\",\"description\":\"\",\"publisher\":{\"@id\":\"https:\/\/illumina.at\/shop\/#organization\"},\"potentialAction\":[{\"@type\":\"SearchAction\",\"target\":{\"@type\":\"EntryPoint\",\"urlTemplate\":\"https:\/\/illumina.at\/shop\/?s={search_term_string}\"},\"query-input\":{\"@type\":\"PropertyValueSpecification\",\"valueRequired\":true,\"valueName\":\"search_term_string\"}}],\"inLanguage\":\"de\"},{\"@type\":\"Organization\",\"@id\":\"https:\/\/illumina.at\/shop\/#organization\",\"name\":\"Illumina - Alle Produkte\",\"url\":\"https:\/\/illumina.at\/shop\/\",\"logo\":{\"@type\":\"ImageObject\",\"inLanguage\":\"de\",\"@id\":\"https:\/\/illumina.at\/shop\/#\/schema\/logo\/image\/\",\"url\":\"https:\/\/illumina.at\/shop\/wp-content\/uploads\/cropped-Illumina_Logo-768x257-1.webp\",\"contentUrl\":\"https:\/\/illumina.at\/shop\/wp-content\/uploads\/cropped-Illumina_Logo-768x257-1.webp\",\"width\":250,\"height\":84,\"caption\":\"Illumina - Alle Produkte\"},\"image\":{\"@id\":\"https:\/\/illumina.at\/shop\/#\/schema\/logo\/image\/\"}}]}<\/script>\n<!-- \/ Yoast SEO plugin. -->","yoast_head_json":{"title":"Lichtstern Aurora - Illumina - Alle Produkte","robots":{"index":"index","follow":"follow","max-snippet":"max-snippet:-1","max-image-preview":"max-image-preview:large","max-video-preview":"max-video-preview:-1"},"canonical":"https:\/\/illumina.at\/shop\/produkt\/lichtstern-aurora\/","og_locale":"de_DE","og_type":"article","og_title":"Lichtstern Aurora - Illumina - Alle Produkte","og_description":"warmwei\u00df oder kaltwei\u00df Innen- und Au\u00dfenbereich Lichtlauch auf Aluminium Konstruktion H\u00f6he: 0,70, l\u00e4nge: 0,70 m Leistung: 12W\/230V, Set Artikel mit...","og_url":"https:\/\/illumina.at\/shop\/produkt\/lichtstern-aurora\/","og_site_name":"Illumina - Alle Produkte","article_modified_time":"2025-11-30T23:00:22+00:00","og_image":[{"width":848,"height":780,"url":"http:\/\/illumina.at\/shop\/wp-content\/uploads\/lichtstern-foto-version-2-e1758271017187.jpg","type":"image\/jpeg"}],"twitter_card":"summary_large_image","twitter_misc":{"Gesch\u00e4tzte Lesezeit":"1\u00a0Minute"},"schema":{"@context":"https:\/\/schema.org","@graph":[{"@type":"WebPage","@id":"https:\/\/illumina.at\/shop\/produkt\/lichtstern-aurora\/","url":"https:\/\/illumina.at\/shop\/produkt\/lichtstern-aurora\/","name":"Lichtstern Aurora - Illumina - Alle Produkte","isPartOf":{"@id":"https:\/\/illumina.at\/shop\/#website"},"primaryImageOfPage":{"@id":"https:\/\/illumina.at\/shop\/produkt\/lichtstern-aurora\/#primaryimage"},"image":{"@id":"https:\/\/illumina.at\/shop\/produkt\/lichtstern-aurora\/#primaryimage"},"thumbnailUrl":"https:\/\/illumina.at\/shop\/wp-content\/uploads\/lichtstern-foto-version-2-e1758271017187.jpg","datePublished":"2025-09-19T08:42:57+00:00","dateModified":"2025-11-30T23:00:22+00:00","breadcrumb":{"@id":"https:\/\/illumina.at\/shop\/produkt\/lichtstern-aurora\/#breadcrumb"},"inLanguage":"de","potentialAction":[{"@type":"ReadAction","target":["https:\/\/illumina.at\/shop\/produkt\/lichtstern-aurora\/"]}]},{"@type":"ImageObject","inLanguage":"de","@id":"https:\/\/illumina.at\/shop\/produkt\/lichtstern-aurora\/#primaryimage","url":"https:\/\/illumina.at\/shop\/wp-content\/uploads\/lichtstern-foto-version-2-e1758271017187.jpg","contentUrl":"https:\/\/illumina.at\/shop\/wp-content\/uploads\/lichtstern-foto-version-2-e1758271017187.jpg","width":848,"height":780},{"@type":"BreadcrumbList","@id":"https:\/\/illumina.at\/shop\/produkt\/lichtstern-aurora\/#breadcrumb","itemListElement":[{"@type":"ListItem","position":1,"name":"Home","item":"https:\/\/illumina.at\/shop\/"},{"@type":"ListItem","position":2,"name":"Produkte","item":"https:\/\/illumina.at\/shop\/"},{"@type":"ListItem","position":3,"name":"Lichtstern Aurora"}]},{"@type":"WebSite","@id":"https:\/\/illumina.at\/shop\/#website","url":"https:\/\/illumina.at\/shop\/","name":"Illumina - Alle Produkte","description":"","publisher":{"@id":"https:\/\/illumina.at\/shop\/#organization"},"potentialAction":[{"@type":"SearchAction","target":{"@type":"EntryPoint","urlTemplate":"https:\/\/illumina.at\/shop\/?s={search_term_string}"},"query-input":{"@type":"PropertyValueSpecification","valueRequired":true,"valueName":"search_term_string"}}],"inLanguage":"de"},{"@type":"Organization","@id":"https:\/\/illumina.at\/shop\/#organization","name":"Illumina - Alle Produkte","url":"https:\/\/illumina.at\/shop\/","logo":{"@type":"ImageObject","inLanguage":"de","@id":"https:\/\/illumina.at\/shop\/#\/schema\/logo\/image\/","url":"https:\/\/illumina.at\/shop\/wp-content\/uploads\/cropped-Illumina_Logo-768x257-1.webp","contentUrl":"https:\/\/illumina.at\/shop\/wp-content\/uploads\/cropped-Illumina_Logo-768x257-1.webp","width":250,"height":84,"caption":"Illumina - Alle Produkte"},"image":{"@id":"https:\/\/illumina.at\/shop\/#\/schema\/logo\/image\/"}}]}},"_links":{"self":[{"href":"https:\/\/illumina.at\/shop\/wp-json\/wp\/v2\/product\/2406","targetHints":{"allow":["GET"]}}],"collection":[{"href":"https:\/\/illumina.at\/shop\/wp-json\/wp\/v2\/product"}],"about":[{"href":"https:\/\/illumina.at\/shop\/wp-json\/wp\/v2\/types\/product"}],"replies":[{"embeddable":true,"href":"https:\/\/illumina.at\/shop\/wp-json\/wp\/v2\/comments?post=2406"}],"wp:featuredmedia":[{"embeddable":true,"href":"https:\/\/illumina.at\/shop\/wp-json\/wp\/v2\/media\/2396"}],"wp:attachment":[{"href":"https:\/\/illumina.at\/shop\/wp-json\/wp\/v2\/media?parent=2406"}],"wp:term":[{"taxonomy":"product_brand","embeddable":true,"href":"https:\/\/illumina.at\/shop\/wp-json\/wp\/v2\/product_brand?post=2406"},{"taxonomy":"product_cat","embeddable":true,"href":"https:\/\/illumina.at\/shop\/wp-json\/wp\/v2\/product_cat?post=2406"},{"taxonomy":"product_tag","embeddable":true,"href":"https:\/\/illumina.at\/shop\/wp-json\/wp\/v2\/product_tag?post=2406"}],"curies":[{"name":"wp","href":"https:\/\/api.w.org\/{rel}","templated":true}]}}