{"id":2402,"date":"2025-09-19T09:29:46","date_gmt":"2025-09-19T07:29:46","guid":{"rendered":"https:\/\/illumina.at\/shop\/?post_type=product&#038;p=2402"},"modified":"2025-12-01T00:00:22","modified_gmt":"2025-11-30T23:00:22","slug":"lichtervorhang-joylight","status":"publish","type":"product","link":"https:\/\/illumina.at\/shop\/produkt\/lichtervorhang-joylight\/","title":{"rendered":"Lichtervorhang Joylight"},"content":{"rendered":"<p>warmwei\u00df oder kaltwei\u00df<br \/>\nInnen- und Au\u00dfenbereich<br \/>\nGummikabel wei\u00df oder schwarz bei Bestellung bekannt geben<br \/>\nH\u00f6he: 1,50m oder 3m, l\u00e4nge: 2,0 m, Zusammenschl. max.: 25 bei 1,50m h\u00f6he und 16 bei 3m h\u00f6he<br \/>\nLeistung: 16W\/230V,<\/p>\n<p>Set Artikel mit Zubeh\u00f6r<\/p>\n<p>&nbsp;<\/p>\n<p>H\u00f6he 3m Kosten 289,20 und bis ende November: 216,90!!<\/p>\n","protected":false},"excerpt":{"rendered":"<p>warmwei\u00df oder kaltwei\u00df Innen- und Au\u00dfenbereich Gummikabel wei\u00df oder schwarz bei Bestellung bekannt geben H\u00f6he: 1,50m oder 3m, l\u00e4nge: 2,0&#8230;<\/p>\n","protected":false},"featured_media":2394,"comment_status":"open","ping_status":"closed","template":"","meta":{"_acf_changed":false},"product_brand":[],"product_cat":[251],"product_tag":[],"class_list":{"0":"post-2402","1":"product","2":"type-product","3":"status-publish","4":"has-post-thumbnail","6":"product_cat-weihnachtsbeleuchtung","8":"first","9":"instock","10":"taxable","11":"shipping-taxable","12":"purchasable","13":"product-type-simple"},"acf":[],"yoast_head":"<!-- This site is optimized with the Yoast SEO plugin v24.7 - https:\/\/yoast.com\/wordpress\/plugins\/seo\/ -->\n<title>Lichtervorhang Joylight - Illumina - Alle Produkte<\/title>\n<meta name=\"robots\" content=\"index, follow, max-snippet:-1, max-image-preview:large, max-video-preview:-1\" \/>\n<link rel=\"canonical\" href=\"https:\/\/illumina.at\/shop\/produkt\/lichtervorhang-joylight\/\" \/>\n<meta property=\"og:locale\" content=\"de_DE\" \/>\n<meta property=\"og:type\" content=\"article\" \/>\n<meta property=\"og:title\" content=\"Lichtervorhang Joylight - Illumina - Alle Produkte\" \/>\n<meta property=\"og:description\" content=\"warmwei\u00df oder kaltwei\u00df Innen- und Au\u00dfenbereich Gummikabel wei\u00df oder schwarz bei Bestellung bekannt geben H\u00f6he: 1,50m oder 3m, l\u00e4nge: 2,0...\" \/>\n<meta property=\"og:url\" content=\"https:\/\/illumina.at\/shop\/produkt\/lichtervorhang-joylight\/\" \/>\n<meta property=\"og:site_name\" content=\"Illumina - Alle Produkte\" \/>\n<meta property=\"article:modified_time\" content=\"2025-11-30T23:00:22+00:00\" \/>\n<meta property=\"og:image\" content=\"http:\/\/illumina.at\/shop\/wp-content\/uploads\/lichtervorhang-bild-e1758266834530.jpg\" \/>\n\t<meta property=\"og:image:width\" content=\"1600\" \/>\n\t<meta property=\"og:image:height\" content=\"675\" \/>\n\t<meta property=\"og:image:type\" content=\"image\/jpeg\" \/>\n<meta name=\"twitter:card\" content=\"summary_large_image\" \/>\n<meta name=\"twitter:label1\" content=\"Gesch\u00e4tzte Lesezeit\" \/>\n\t<meta name=\"twitter:data1\" content=\"1\u00a0Minute\" \/>\n<script type=\"application\/ld+json\" class=\"yoast-schema-graph\">{\"@context\":\"https:\/\/schema.org\",\"@graph\":[{\"@type\":\"WebPage\",\"@id\":\"https:\/\/illumina.at\/shop\/produkt\/lichtervorhang-joylight\/\",\"url\":\"https:\/\/illumina.at\/shop\/produkt\/lichtervorhang-joylight\/\",\"name\":\"Lichtervorhang Joylight - Illumina - Alle Produkte\",\"isPartOf\":{\"@id\":\"https:\/\/illumina.at\/shop\/#website\"},\"primaryImageOfPage\":{\"@id\":\"https:\/\/illumina.at\/shop\/produkt\/lichtervorhang-joylight\/#primaryimage\"},\"image\":{\"@id\":\"https:\/\/illumina.at\/shop\/produkt\/lichtervorhang-joylight\/#primaryimage\"},\"thumbnailUrl\":\"https:\/\/illumina.at\/shop\/wp-content\/uploads\/lichtervorhang-bild-e1758266834530.jpg\",\"datePublished\":\"2025-09-19T07:29:46+00:00\",\"dateModified\":\"2025-11-30T23:00:22+00:00\",\"breadcrumb\":{\"@id\":\"https:\/\/illumina.at\/shop\/produkt\/lichtervorhang-joylight\/#breadcrumb\"},\"inLanguage\":\"de\",\"potentialAction\":[{\"@type\":\"ReadAction\",\"target\":[\"https:\/\/illumina.at\/shop\/produkt\/lichtervorhang-joylight\/\"]}]},{\"@type\":\"ImageObject\",\"inLanguage\":\"de\",\"@id\":\"https:\/\/illumina.at\/shop\/produkt\/lichtervorhang-joylight\/#primaryimage\",\"url\":\"https:\/\/illumina.at\/shop\/wp-content\/uploads\/lichtervorhang-bild-e1758266834530.jpg\",\"contentUrl\":\"https:\/\/illumina.at\/shop\/wp-content\/uploads\/lichtervorhang-bild-e1758266834530.jpg\",\"width\":1600,\"height\":675},{\"@type\":\"BreadcrumbList\",\"@id\":\"https:\/\/illumina.at\/shop\/produkt\/lichtervorhang-joylight\/#breadcrumb\",\"itemListElement\":[{\"@type\":\"ListItem\",\"position\":1,\"name\":\"Home\",\"item\":\"https:\/\/illumina.at\/shop\/\"},{\"@type\":\"ListItem\",\"position\":2,\"name\":\"Produkte\",\"item\":\"https:\/\/illumina.at\/shop\/\"},{\"@type\":\"ListItem\",\"position\":3,\"name\":\"Lichtervorhang Joylight\"}]},{\"@type\":\"WebSite\",\"@id\":\"https:\/\/illumina.at\/shop\/#website\",\"url\":\"https:\/\/illumina.at\/shop\/\",\"name\":\"Illumina - Alle Produkte\",\"description\":\"\",\"publisher\":{\"@id\":\"https:\/\/illumina.at\/shop\/#organization\"},\"potentialAction\":[{\"@type\":\"SearchAction\",\"target\":{\"@type\":\"EntryPoint\",\"urlTemplate\":\"https:\/\/illumina.at\/shop\/?s={search_term_string}\"},\"query-input\":{\"@type\":\"PropertyValueSpecification\",\"valueRequired\":true,\"valueName\":\"search_term_string\"}}],\"inLanguage\":\"de\"},{\"@type\":\"Organization\",\"@id\":\"https:\/\/illumina.at\/shop\/#organization\",\"name\":\"Illumina - Alle Produkte\",\"url\":\"https:\/\/illumina.at\/shop\/\",\"logo\":{\"@type\":\"ImageObject\",\"inLanguage\":\"de\",\"@id\":\"https:\/\/illumina.at\/shop\/#\/schema\/logo\/image\/\",\"url\":\"https:\/\/illumina.at\/shop\/wp-content\/uploads\/cropped-Illumina_Logo-768x257-1.webp\",\"contentUrl\":\"https:\/\/illumina.at\/shop\/wp-content\/uploads\/cropped-Illumina_Logo-768x257-1.webp\",\"width\":250,\"height\":84,\"caption\":\"Illumina - Alle Produkte\"},\"image\":{\"@id\":\"https:\/\/illumina.at\/shop\/#\/schema\/logo\/image\/\"}}]}<\/script>\n<!-- \/ Yoast SEO plugin. -->","yoast_head_json":{"title":"Lichtervorhang Joylight - Illumina - Alle Produkte","robots":{"index":"index","follow":"follow","max-snippet":"max-snippet:-1","max-image-preview":"max-image-preview:large","max-video-preview":"max-video-preview:-1"},"canonical":"https:\/\/illumina.at\/shop\/produkt\/lichtervorhang-joylight\/","og_locale":"de_DE","og_type":"article","og_title":"Lichtervorhang Joylight - Illumina - Alle Produkte","og_description":"warmwei\u00df oder kaltwei\u00df Innen- und Au\u00dfenbereich Gummikabel wei\u00df oder schwarz bei Bestellung bekannt geben H\u00f6he: 1,50m oder 3m, l\u00e4nge: 2,0...","og_url":"https:\/\/illumina.at\/shop\/produkt\/lichtervorhang-joylight\/","og_site_name":"Illumina - Alle Produkte","article_modified_time":"2025-11-30T23:00:22+00:00","og_image":[{"width":1600,"height":675,"url":"http:\/\/illumina.at\/shop\/wp-content\/uploads\/lichtervorhang-bild-e1758266834530.jpg","type":"image\/jpeg"}],"twitter_card":"summary_large_image","twitter_misc":{"Gesch\u00e4tzte Lesezeit":"1\u00a0Minute"},"schema":{"@context":"https:\/\/schema.org","@graph":[{"@type":"WebPage","@id":"https:\/\/illumina.at\/shop\/produkt\/lichtervorhang-joylight\/","url":"https:\/\/illumina.at\/shop\/produkt\/lichtervorhang-joylight\/","name":"Lichtervorhang Joylight - Illumina - Alle Produkte","isPartOf":{"@id":"https:\/\/illumina.at\/shop\/#website"},"primaryImageOfPage":{"@id":"https:\/\/illumina.at\/shop\/produkt\/lichtervorhang-joylight\/#primaryimage"},"image":{"@id":"https:\/\/illumina.at\/shop\/produkt\/lichtervorhang-joylight\/#primaryimage"},"thumbnailUrl":"https:\/\/illumina.at\/shop\/wp-content\/uploads\/lichtervorhang-bild-e1758266834530.jpg","datePublished":"2025-09-19T07:29:46+00:00","dateModified":"2025-11-30T23:00:22+00:00","breadcrumb":{"@id":"https:\/\/illumina.at\/shop\/produkt\/lichtervorhang-joylight\/#breadcrumb"},"inLanguage":"de","potentialAction":[{"@type":"ReadAction","target":["https:\/\/illumina.at\/shop\/produkt\/lichtervorhang-joylight\/"]}]},{"@type":"ImageObject","inLanguage":"de","@id":"https:\/\/illumina.at\/shop\/produkt\/lichtervorhang-joylight\/#primaryimage","url":"https:\/\/illumina.at\/shop\/wp-content\/uploads\/lichtervorhang-bild-e1758266834530.jpg","contentUrl":"https:\/\/illumina.at\/shop\/wp-content\/uploads\/lichtervorhang-bild-e1758266834530.jpg","width":1600,"height":675},{"@type":"BreadcrumbList","@id":"https:\/\/illumina.at\/shop\/produkt\/lichtervorhang-joylight\/#breadcrumb","itemListElement":[{"@type":"ListItem","position":1,"name":"Home","item":"https:\/\/illumina.at\/shop\/"},{"@type":"ListItem","position":2,"name":"Produkte","item":"https:\/\/illumina.at\/shop\/"},{"@type":"ListItem","position":3,"name":"Lichtervorhang Joylight"}]},{"@type":"WebSite","@id":"https:\/\/illumina.at\/shop\/#website","url":"https:\/\/illumina.at\/shop\/","name":"Illumina - Alle Produkte","description":"","publisher":{"@id":"https:\/\/illumina.at\/shop\/#organization"},"potentialAction":[{"@type":"SearchAction","target":{"@type":"EntryPoint","urlTemplate":"https:\/\/illumina.at\/shop\/?s={search_term_string}"},"query-input":{"@type":"PropertyValueSpecification","valueRequired":true,"valueName":"search_term_string"}}],"inLanguage":"de"},{"@type":"Organization","@id":"https:\/\/illumina.at\/shop\/#organization","name":"Illumina - Alle Produkte","url":"https:\/\/illumina.at\/shop\/","logo":{"@type":"ImageObject","inLanguage":"de","@id":"https:\/\/illumina.at\/shop\/#\/schema\/logo\/image\/","url":"https:\/\/illumina.at\/shop\/wp-content\/uploads\/cropped-Illumina_Logo-768x257-1.webp","contentUrl":"https:\/\/illumina.at\/shop\/wp-content\/uploads\/cropped-Illumina_Logo-768x257-1.webp","width":250,"height":84,"caption":"Illumina - Alle Produkte"},"image":{"@id":"https:\/\/illumina.at\/shop\/#\/schema\/logo\/image\/"}}]}},"_links":{"self":[{"href":"https:\/\/illumina.at\/shop\/wp-json\/wp\/v2\/product\/2402","targetHints":{"allow":["GET"]}}],"collection":[{"href":"https:\/\/illumina.at\/shop\/wp-json\/wp\/v2\/product"}],"about":[{"href":"https:\/\/illumina.at\/shop\/wp-json\/wp\/v2\/types\/product"}],"replies":[{"embeddable":true,"href":"https:\/\/illumina.at\/shop\/wp-json\/wp\/v2\/comments?post=2402"}],"wp:featuredmedia":[{"embeddable":true,"href":"https:\/\/illumina.at\/shop\/wp-json\/wp\/v2\/media\/2394"}],"wp:attachment":[{"href":"https:\/\/illumina.at\/shop\/wp-json\/wp\/v2\/media?parent=2402"}],"wp:term":[{"taxonomy":"product_brand","embeddable":true,"href":"https:\/\/illumina.at\/shop\/wp-json\/wp\/v2\/product_brand?post=2402"},{"taxonomy":"product_cat","embeddable":true,"href":"https:\/\/illumina.at\/shop\/wp-json\/wp\/v2\/product_cat?post=2402"},{"taxonomy":"product_tag","embeddable":true,"href":"https:\/\/illumina.at\/shop\/wp-json\/wp\/v2\/product_tag?post=2402"}],"curies":[{"name":"wp","href":"https:\/\/api.w.org\/{rel}","templated":true}]}}